7 = 0, -12 = -3*i + 3*u + t. What is the tens digit of i?
0
Suppose 46*f - 55*f = -29286. Suppose 4*n = k + 3266, -14*n = -10*n + 5*k - f. What is the units digit of n?
6
Let j(p) = -21 + 2*p**3 + 30*p - 4*p**2 + 2*p**2 - 10*p - 7*p - p**3. What is the tens digit of j(6)?
0
Let g(z) = -11*z**3 - 5*z**2 + 2*z + 4. Let o(h) = 13*h**3 + 6*h**2 - 3*h - 4. Let c(q) = -6*g(q) - 5*o(q). What is the hundreds digit of c(5)?
1
What is the tens digit of (3071 + (-1 - 2))*(-13)/(-13)?
6
Suppose -5*q = -2*p + 103, 4*q + 215 = 3*p + 2*p. Let h = p + -37. Suppose -43 = 3*r + h*d - 159, -d - 5 = 0. What is the tens digit of r?
4
Let q(u) = -15 - 5 - 24 - u + 6*u. Let i be q(13). What is the tens digit of (28/6)/(7/i)?
1
Suppose -8839 = -14*k - 2427. Suppose -i - 4*j - j = -k, j = -i + 446. What is the hundreds digit of i?
4
Let m be -3*((31 - 30) + 2/((-18)/1407)). Suppose -4*d + d = -1896. Suppose -6*k = -m - d. What is the hundreds digit of k?
1
Let y be (-36)/(-81)*-147*-30. Let z = y + -1166. What is the hundreds digit of z?
7
Suppose 3*i + 3 - 15 = 0. Let t be 3 + 4 + 138 - i. Let r = t + -65. What is the tens digit of r?
7
Let f = -334 + -127. Let r = f - -860. What is the tens digit of r?
9
Let t(o) = 3*o**2 - 21*o - 16. Let z(x) = -3*x**2 + 21*x + 18. Let b(i) = -5*t(i) - 4*z(i). What is the units digit of b(7)?
8
What is the units digit of ((-509878)/(-354))/(1/((-9)/(-1)))?
3
What is the ten thousands digit of 24378*30/20 + (-2 - -1)?
3
Let k(r) = 10005*r + 14009. What is the ten thousands digit of k(6)?
7
Let r(t) = -t**2 + 4*t + 1. Let s be r(2). Let w be ((-3)/(-9))/(2/2472). Suppose -s*a = -a - w. What is the hundreds digit of a?
1
Let t be 81/(-6)*(-18)/27. Suppose -16*j + 1974 = -t*j. What is the units digit of j?
2
What is the hundreds digit of (738/4)/(1631/(-182) - -9)?
7
What is the units digit of ((-92348)/(-1 + -1))/(111 + 36079/(-327))?
1
Let k be ((-3)/(-2))/(6/4). Suppose i - k = 308. Let d = -115 + i. What is the tens digit of d?
9
Let j = 111471 - 68924. What is the units digit of j?
7
Let v(s) = 58*s**2 - 3*s + 3. Let x be v(7). Suppose -x = -8*h - 512. What is the hundreds digit of h?
2
Let j(r) = r**3 + 2*r**2 - 10*r - 21. Let f be j(-3). Suppose -9*u - 587 + 2216 = f. What is the hundreds digit of u?
1
Suppose -3*h = -h + 4*q, 3*h - 5 = -q. What is the units digit of h/((-8)/(-4832)*1)?
8
Suppose 4*k + 96 = 2*k. Let q be k/(-10) + 8/40. Suppose 5*w - 2*w - 191 = -q*x, -3*w + 151 = 4*x. What is the units digit of x?
0
Let x(w) = -2*w**2 + 5*w - 5. Let i be x(1). Let r be (-3 - -2)/(1/(264/i)). Suppose 22*t + r = 25*t. What is the tens digit of t?
4
Suppose -j + 12 = -2*a + 4, -2*a = 0. Suppose -j*i = -12 - 12. Suppose 8*c - 6*c = -i*x + 291, -3*c = -3*x - 459. What is the hundreds digit of c?
1
Suppose 4*i + 6*c = 11*c + 457, -5 = 5*c. What is the tens digit of (i/4)/((-7)/(-56))?
2
Let f be (-493)/(-17) + -3*1. Suppose -25*r = -f*r - 4. What is the units digit of (8*-2)/r + 72?
6
Suppose -4*g - 2*g + 2*g = -2176. What is the units digit of g?
4
Suppose -2*t - 3*t = -20. Suppose -92 = -q + f - 6*f, 92 = q + 3*f. Suppose 124 = t*w - q. What is the units digit of w?
4
Suppose -144 = 4*u + 2*u. Let t be (-162)/u - 2/(-8). Let k = t - 0. What is the units digit of k?
7
Suppose -1538 = 5*b + 3*l, 4*b = 4*l - 1245 - 11. Let k = b + 352. What is the tens digit of k?
4
Let a(t) = -2*t**3 - 26*t**2 - 63*t - 57. What is the thousands digit of a(-18)?
4
Suppose -l + 116 = -37. Suppose 0 = -4*u + 8, 3*u + 234 = 3*s - l. Let h = s - 44. What is the units digit of h?
7
Let x be ((-33)/44)/(2 - 18/8). Suppose 0 = -3*z - x*v + 2658, 0 = 12*z - 7*z + 4*v - 4427. What is the hundreds digit of z?
8
Let x(y) = 48*y + 20. Let l(r) = 120*r + 50. Let u(k) = 5*l(k) - 12*x(k). What is the tens digit of u(0)?
1
Let p be (-1 - 0 - 0) + -30. Suppose 13*b - 558 + 116 = 0. Let y = p + b. What is the units digit of y?
3
Let a = -39 + 39. Suppose a = 6*b - 2196 - 354. What is the tens digit of b?
2
Suppose -3*k = -5*f + 3*f + 812, -2*k = 4*f - 1624. Let h be 4*(-2 + -2)/(-8). Suppose -170 = -s + h*j + 24, 2*j = -2*s + f. What is the units digit of s?
0
Let x(n) = -n**3 - 8*n**2 + 29*n - 26. Let z be x(-11). Suppose -4905 = -z*r + 3*r. What is the units digit of r?
7
Let m(h) = -h - h + 2*h + h**2. Let o be m(-2). Suppose -289 = -o*p + 3*l, 0*l + 2*l + 146 = 2*p. What is the units digit of p?
0
Let l = -13804 - -20744. What is the hundreds digit of l?
9
Suppose 2*h - 3*h - 3*p + 91 = 0, 2*h - 174 = -4*p. Let w = h - 19. Let q = -12 + w. What is the tens digit of q?
4
Suppose -h + 4*v - 11 = v, 5*v - 29 = 3*h. Let f be 6/h*(-1936)/11. Suppose -4*g + 15*g - f = 0. What is the tens digit of g?
1
Let y(w) = 872*w**2 - 6*w. Let g = 254 + -255. What is the hundreds digit of y(g)?
8
Let q be ((-27636)/(-30))/((-2)/(-80)) + 4. Suppose -5*p + q = 32*p. What is the hundreds digit of p?
9
Suppose -11*c - 6*c = -102. Suppose -17*n + 3421 = -c*n. What is the units digit of n?
1
Suppose -12 = -3*q + 2*m + m, 4*q - 17 = 3*m. Suppose q = 4*k + 1. Suppose 4*b = 59 + k. What is the units digit of b?
5
Suppose 19961*c - 19934*c - 108081 = 0. What is the tens digit of c?
0
Let j(s) = 2*s**2 + 18*s - 1412. What is the tens digit of j(-65)?
6
Let b(k) = 507*k - 678. What is the tens digit of b(15)?
2
Suppose -7783 = -6*u + 6749. Suppose 10*j - 4028 = u. What is the units digit of j?
5
Suppose 0 = -5*w - l + 28354, -2*w - l = -14927 + 3589. What is the thousands digit of w?
5
What is the hundreds digit of 28323/2*27/(1620/80)?
8
Suppose -5*v - 22 = -4*s, 19 = 3*s + 2*s - 2*v. Suppose 4*h - 2256 = -4*r, 11*r = 6*r - s*h + 2818. What is the hundreds digit of r?
5
What is the hundreds digit of ((-53782938)/(-1892))/(1/2)?
8
Let t = 29267 - 8785. What is the ten thousands digit of t?
2
Let n(d) = 2*d**3 - 16*d**2 - 28*d - 210. What is the tens digit of n(17)?
1
Let g(c) = -c**3 + c**2 + 2*c + 104. Let k be g(0). Suppose u + 309 = 2*v, v + u = 58 + k. What is the hundreds digit of v?
1
Suppose 27*y = -15*y + 1359120. What is the ten thousands digit of y?
3
Let s = 729 - 322. Let y = s + -398. What is the units digit of y?
9
Let d = -150 - -270. Let f = 172 + d. What is the tens digit of f?
9
Let s = -35 + 39. Suppose 5*n + 4*f = 41, -5*f = s*n - 0*f - 31. Suppose 6*m - n*m + 468 = 0. What is the hundreds digit of m?
1
Let t = 86 - 85. Let q be 138 + 0 - (16/(-4) + t). Let j = q - -33. What is the hundreds digit of j?
1
Let f = -17986 + 36668. What is the thousands digit of f?
8
Suppose 10*b - 8492 = 52098. Suppose 5*a - b = l, -3*a + 2*a - 2*l = -1203. What is the thousands digit of a?
1
Suppose -5 = -4*y + 3. Let i(o) = 30*o**y - 17 - 27*o**2 - 3*o + 0*o. What is the units digit of i(8)?
1
Let a(c) = 8*c**2 + 7*c + 10. Let u be a(-5). Let y = u + -110. Let g = y - 29. What is the units digit of g?
6
Suppose 27*c = -43*c + 368830. What is the tens digit of c?
6
What is the units digit of 28 + -7 + -16 - -37520?
5
Let v(y) = -6*y + y - 3*y + 3*y + 42. Suppose 0 = 182*c - 180*c + 12. What is the tens digit of v(c)?
7
Suppose -25428 = -3*c - 1134. Suppose 20*z - 2542 = c. What is the tens digit of z?
3
Suppose -4*p - 3*n = -112679, -5*p = 3*n - 121139 - 19715. What is the units digit of p?
5
Let t = -256 - -250. What is the units digit of t/39 - 7840/(-260)?
0
Let d = 19 + -60. Let a = 11 + d. What is the tens digit of -5 + (-4195)/a + 2/12?
3
Let n(y) = -y**3 + 47*y**2 - 442*y - 22. What is the tens digit of n(28)?
9
Suppose -10*n + 134 - 44 = 0. Suppose -n*i - 30*i + 14859 = 0. What is the tens digit of i?
8
Suppose 16694 = 29*n - 8833 - 3328. What is the hundreds digit of n?
9
Let v(n) be the second derivative of 6*n + 10*n**2 - 1/12*n**4 + 0 - 23/6*n**3. What is the units digit of v(-22)?
2
Suppose 0 = -129*c + 689303 + 163258. What is the units digit of c?
9
What is the tens digit of -1 + -2 + ((-3)/(-6) - 1593795/(-86))?
3
What is the tens digit of (-165)/(-330)*(2*(-2)/2 + 12496)?
4
Suppose 3*c = 4*p + 279, 8*c = 3*c - 2*p + 439. Suppose -210 + 690 = 24*d. Let x = c + d. What is the units digit of x?
9
Suppose 3*o - 999 = -5*d, 5*d + 373 = 2*o - o. What is the tens digit of o?
4
Let u = 40 + -486. Let y = u - -856. What is the tens digit of y?
1
Suppose 441870 = 55*g - 521234 + 19